 + -2 - (-2 + -5). Suppose -144 = -l*a + a. List the prime factors of a.
2, 3
Let v = -172 + 450. List the prime factors of v.
2, 139
Suppose 5*u - 6 = -2*j + u, 12 = 2*j + u. Suppose 0*b - j = b. Let h = 19 + b. What are the prime factors of h?
2, 3
Suppose -14*n + 1518 = -3*n. What are the prime factors of n?
2, 3, 23
Let a = -28 + 26. Let m = 0 + 2. List the prime factors of -5*a*m/4.
5
Let v be ((-66)/10 + 1)/((-6)/75). Let f = 64 + v. List the prime factors of f.
2, 67
Let c(l) = 26*l + 1 - 3 - 1. Suppose -10 + 1 = -3*a, -4*a = -4*b - 4. What are the prime factors of c(b)?
7
Let h(b) = -6*b - 23. List the prime factors of h(-6).
13
Suppose 5*f - 6 = 4*z - 33, 5*z = 4*f + 36. Let t(o) = 15*o + 2. Let w be t(z). List the prime factors of 4/(-10) + w/5.
2, 3
Let r = -4269 + 6048. List the prime factors of r.
3, 593
Let u(s) = 18*s - 17. Let a be u(9). Suppose -3*x = 5*r - a, -5*x - 3*r + 153 = -2*x. List the prime factors of x.
5, 11
What are the prime factors of 10611/(-6)*(-64)/96?
3, 131
Let d(k) = 7*k - 63. Let g(l) = l - 8. Let i(o) = -6*d(o) + 49*g(o). Let s(q) = q**3 - 7*q**2 - q + 13. Let v be s(7). What are the prime factors of i(v)?
2, 7
Let c = 237 - 381. What are the prime factors of c/10*((-9)/3 + -2)?
2, 3
Let s = 622 - 848. Let i = -316 + 160. Let d = i - s. List the prime factors of d.
2, 5, 7
Let m be (-22)/11*(-3)/2. Let n(j) = 61*j**3 + 12*j**2 - 60*j**m - 3 - 14*j + 4. What are the prime factors of n(-13)?
2, 7
What are the prime factors of ((45/25)/3)/(6/3670)?
367
Let b(c) = 9*c**2 - 4*c + 39. List the prime factors of b(-11).
2, 293
Suppose 0 = 5*l + 4*s - 445, s = 4*l + 6*s - 356. Let q = -10 + l. What are the prime factors of q?
79
Suppose 0*n = 3*r + 3*n + 6, -5*r = 3*n + 12. Let j be 17 + (-2)/((-6)/r). Suppose -3*u - 24 = -g, -4*g + 5*u = j - 77. What are the prime factors of g?
3
Let f(t) = -1 - t**2 + 0*t + 2 + 7*t**2 - 3*t. Let l be f(5). Suppose -q - 3*q = -l. What are the prime factors of q?
2, 17
Let g(w) = 5*w - 22. Let q be g(0). Let v = -5 - q. What are the prime factors of v?
17
Suppose -h + 24 = 3*h + 4*o, 2*o = 5*h - 9. Suppose 7 + 5 = h*i. Suppose -3*s = -5*z - 9, 2 = i*z - 10. What are the prime factors of s?
2
Let v be (-4)/6 + (-114)/(-9). Let r = v + -12. Suppose -5*c + 65 = 3*q - 20, r = -c + 2. List the prime factors of q.
5
Let q(s) = s**2 - 5*s + 11. Let j be q(4). Let t(u) = u**3 - 5*u**2 - 11*u + 14. List the prime factors of t(j).
5, 7
Let d be (9/3)/(21/35). Let n = d + -1. What are the prime factors of ((-6)/n)/((-33)/572)?
2, 13
Let l(u) = u**2 - u. Let q(r) = -3*r**2 + r - 4. Let w(b) = 2*l(b) + q(b). Let h(d) be the first derivative of w(d). List the prime factors of h(-6).
11
Let w(t) = t**3 + 9*t**2 + 5*t - 3. Let x be w(-9). List the prime factors of 10*(x/15)/(-2).
2
Let j(n) = n**3 - 8*n**2 + 11*n - 7. Let q be 6 - -2*(-3)/(-6). List the prime factors of j(q).
3, 7
Let b(z) = 2*z**3 - z**2 + 9. Let d be b(6). Suppose 5*m - 4*y - d = 0, 4*m - y - 289 - 24 = 0. What are the prime factors of m?
7, 11
Let h(y) = -y**3 + y**2 + 8*y + 8. Let w be h(-6). Suppose 5*j - w = -3*r + 2*r, 0 = -5*j - 2*r + 214. What are the prime factors of j?
2, 3, 7
Suppose -r + 70 = -165. What are the prime factors of r?
5, 47
Let g(x) = 10*x**2 + 5*x - 48. List the prime factors of g(-8).
2, 3, 23
Suppose -3*r = -3*p - 6780, -2*r - 2*p + 4512 = -0*p. What are the prime factors of r?
2, 1129
Let i = -21 - -21. Suppose i = 5*r - 3*r - 6. Suppose -102 - 32 = -5*m + r*o, 2*m + 5*o - 35 = 0. List the prime factors of m.
5
Let r be 1 + (-1)/(3/(-6)). Let v be ((-6)/(-4))/(r/8). Suppose 12 + 10 = v*l - 2*i, 5*l - 35 = i. List the prime factors of l.
2
Suppose 208 + 51 = 7*b. Let j = b - -26. What are the prime factors of j?
3, 7
Suppose 0 = 4*x + 5 + 51. Suppose -4*i + 2*b - 38 = 0, -46 = -2*i + 5*i - 5*b. List the prime factors of (-60)/x - (-2)/i.
2
Let f be ((-8)/(-10))/(((-72)/(-820))/9). Let a(v) = v**2 + 9*v - 8. Let j be a(-10). Suppose 0 = -j*c - 0*c + f. List the prime factors of c.
41
Let p(d) = d**3 - 2*d**2 - d + 0*d**2 + 7*d**3. Let v(c) = c**2 - 2*c - 6. Let q be v(4). List the prime factors of p(q).
2, 3
Suppose 374 + 3004 = 3*f. List the prime factors of f.
2, 563
List the prime factors of 2/(-9) + (15850/45)/1.
2, 11
Suppose 0*c - 72 = -2*c. Suppose -5*r = -2*l + 142, c + 106 = 2*l + r. What are the prime factors of l?
71
Let c = -40 + 11. Let f = 175 + c. List the prime factors of f.
2, 73
Suppose 15 = -0*q + q. Let o be ((-6)/q)/((-3)/15). Suppose -o*b + 65 = 3*b. What are the prime factors of b?
13
List the prime factors of 30/(-3)*(-2224)/5.
2, 139
Suppose -3*h = -s + 672, 3*s - 5*h - 1956 = -8*h. What are the prime factors of s?
3, 73
What are the prime factors of (-54)/15*(-19590)/18?
2, 3, 653
Let u be ((-3)/(-6))/(3/36). Suppose -u = 6*m - 8*m. List the prime factors of m.
3
Let r(o) = 104*o**2 + 2. List the prime factors of r(-2).
2, 11, 19
Suppose -16*a + 723 + 3549 = 0. List the prime factors of a.
3, 89
Let z = 52 - 16. Suppose 7*h = 4*h + z. List the prime factors of h.
2, 3
Let d be 17/(-4) + (-5)/(-20). Let y be 1 + d + 12/2. Suppose 6 - 63 = -y*j. List the prime factors of j.
19
Let k = 20 + -16. Suppose -3*l = -20 - k. Suppose -b = -3*t + 88, l*b - 3*b = 3*t - 68. List the prime factors of t.
31
Suppose 2*f + 5541 = 3*r, 5*f = -0*r + 2*r - 3705. What are the prime factors of r?
3, 5, 41
Let j(t) = -t**3 - 6*t**2 - 6*t + 6. Let x be j(-5). Let y(m) = -7*m + 13*m - 28 + 29 - 26. List the prime factors of y(x).
41
Let o = 22 - 21. Let i be (-11 - -13) + 0 + o. Suppose i*c = 5*t + c - 31, 0 = -4*t - 2*c + 32. List the prime factors of t.
7
Let y = -3398 - -5090. What are the prime factors of y?
2, 3, 47
Let k = -11 - -19. Let t be 2/k + (-465)/(-12). What are the prime factors of 0/3 + (t - 0)?
3, 13
Suppose 5*r - 1 = 4. Let p be (6 - 2 - 2)*r. Suppose h + 3*x = -2*x + 47, -p*x = -10. What are the prime factors of h?
2, 11
Let f(r) be the second derivative of -r**3/3 - 3*r**2 + 7*r. Let v be f(-5). Suppose -37 = -3*q - v*c, -5*c + 8 = 2*q - 12. List the prime factors of q.
3, 5
Let i(a) = -2*a**3 - 52*a**2 - 88*a - 52. What are the prime factors of i(-25)?
2, 449
Suppose 10*o = 67 - 737. Suppose 0 = 4*m - 102 + 498. Let t = o - m. What are the prime factors of t?
2
Let g = -1317 - -5823. What are the prime factors of g?
2, 3, 751
Let q(l) = 4*l**2 + 16*l + 12. Let d be (77/22)/((2/(-2))/2). What are the prime factors of q(d)?
2, 3
Suppose 0 = 4*i - 8, -4*i + 12961 = 5*z - 6*i. List the prime factors of z.
2593
Let f(l) = 2*l - 3. Let m be f(3). Suppose 5*w = -g + 68, g + m*w - 85 + 17 = 0. List the prime factors of g.
2, 17
Suppose -50 = -8*u + 286. List the prime factors of 940/35 + 6/u.
3
Let w = -47 + -81. Let n = w - -257. What are the prime factors of n?
3, 43
Let o(b) = -b + 12. Let f be o(12). Suppose c + f*c + 6 = 0. Let y(m) = -m - 4. What are the prime factors of y(c)?
2
Let y(v) = 3*v**3 - 2*v**2 - 28*v - 1. What are the prime factors of y(7)?
2, 367
Let o(c) = c**3 - 4*c**2 - 5*c + 2. Let m be o(5). Suppose 0 = -3*g - m*l + 102, l + 75 = 2*g - 0*l. Let t = g + -27. What are the prime factors of t?
3
Let f(k) = 351*k + 217. List the prime factors of f(10).
3727
Let a(g) = 791*g - 69. List the prime factors of a(2).
17, 89
Let c(v) = -2*v**3 - 2*v**2. Let p be c(-2). Suppose -4*r = -5*o - 3*r + 8, -4*r = -p. Suppose -q + 7 = -o. List the prime factors of q.
3
Let y(l) = -2*l + 4. Let h be y(0). Suppose h*d = -j + 131, 4*j + 48 = 2*d + 590. Suppose -5*s = -j - 75. List the prime factors of s.
2, 3, 7
Let p = 86 - -116. What are the prime factors of p?
2, 101
Suppose 131 = 5*m + 446. Let s = 90 + m. What are the prime factors of s?
3
Let t = 178 - 60. Let p = t - 57. What are the prime factors of p?
61
Let w = 376 + -534. Let b = 260 + w. List the prime factors of b.
2, 3, 17
List the prime factors of (124 + 2)*(-1 - 1)/(-2).
2, 3, 7
Let c(h) = -h**2 + 5*h - 2. Let x be c(4). Suppose 4 = -2*g, 0 = -5*w + 2*w - x*g + 5. Suppose -85 = -2*i - w*i. What are the prime factors of i?
17
What are the prime factors of (-1)/((-9)/(-48))*5049/(-44)?
2, 3, 17
Let g = 21 + -21. Let f be 111/21 - (-2)/(-7). Suppose f*j - 165 = -2*i + 4*i, -j + 2*i + 25 = g. What are the prime factors 